{"id":10477,"date":"2025-06-29T16:45:48","date_gmt":"2025-06-29T13:45:48","guid":{"rendered":"https:\/\/laviboutique.lt\/?post_type=product&#038;p=10477"},"modified":"2026-01-19T09:35:05","modified_gmt":"2026-01-19T07:35:05","slug":"maitinamoji-veido-kauke","status":"publish","type":"product","link":"https:\/\/laviboutique.lt\/index.php\/produktas\/maitinamoji-veido-kauke\/","title":{"rendered":"Maitinamoji veido kauk\u0117"},"content":{"rendered":"<p>Skirta visapusi\u0161kai odos prie\u017ei\u016brai, ypa\u010d tinkama labai sausai ir \u0161iurk\u0161\u010diai odai. Intensyviai j\u0105 maitina, suteikia \u0161velnumo ir spindin\u010di\u0105, sveik\u0105 i\u0161vaizd\u0105.<\/p>\n<p>\u2022 5 r\u016b\u0161i\u0173 peptidai didina odos elastingum\u0105 ir stangrum\u0105.<br \/>\n\u2022 Beta-gliukanas saugo od\u0105 nuo dr\u0117gm\u0117s praradimo i\u0161 epidermio, stimuliuoja atsinaujinimo procesus ir pasi\u017eymi prie\u0161u\u017edegiminiu, sen\u0117jim\u0105 stabdan\u010diu ir apsauginiu poveikiu.<br \/>\n\u2022 Hidrolizuotas kolagenas dr\u0117kina ir ma\u017eina smulki\u0173 rauk\u0161leli\u0173 atsiradim\u0105.<br \/>\n\u2022 Trehaloz\u0117 pasi\u017eymi stipriomis dr\u0117kinamosiomis ir antioksidacin\u0117mis savyb\u0117mis.<\/p>\n<p>21 g<\/p>\n<p>Sud\u0117tis: Aqua, Glycerin, Butylene Glycol, 1,2-Hexanediol, Propylene Glycol, Betaine, Chlorphenesin, PEG-60 Hydrogenated Castor Oil, Sodium Carbomer, Trehalose, Allantoin, Ethylhexylglycerin, Xanthan Gum, Dipotassium Glycyrrhizate, Disodium Edta, Parfum, Beta-Glucan, Hydrolyzed Collagen, Sodium Hyaluronate, Salix Alba Bark Extract, Origanum Vulgare Leaf Extract, Chamaecyparis Obtusa Leaf Extract, Lactobacillus\/Soybean Ferment Extract, Cinnamomum Cassia Bark Extract, Scutellaria Baicalensis Root Extract, Portulaca Oleracea Extract, Copper Tripeptide-1, Acetyl Hexapeptide-8, Palmitoyl Pentapeptide-4, Palmitoyl Tripeptide-1, Palmitoyl Tetrapeptide-7<\/p>\n","protected":false},"excerpt":{"rendered":"<p>Naudojimas: Paskirstykite kauk\u0119 ant \u0161varios, sausos ir tonizuotos veido odos. Nuimkite po 20\u201330 minu\u010di\u0173. Likusi\u0105 esencij\u0105 \u0161velniai \u012fmasa\u017euokite \u012f od\u0105, kol visi\u0161kai \u012fsigers.<\/p>\n","protected":false},"featured_media":10476,"template":"","meta":{"om_disable_all_campaigns":false,"_monsterinsights_skip_tracking":false,"_monsterinsights_sitenote_active":false,"_monsterinsights_sitenote_note":"","_monsterinsights_sitenote_category":0},"product_cat":[137],"product_tag":[],"aioseo_notices":[],"jetpack_sharing_enabled":true,"_links":{"self":[{"href":"https:\/\/laviboutique.lt\/index.php\/wp-json\/wp\/v2\/product\/10477"}],"collection":[{"href":"https:\/\/laviboutique.lt\/index.php\/wp-json\/wp\/v2\/product"}],"about":[{"href":"https:\/\/laviboutique.lt\/index.php\/wp-json\/wp\/v2\/types\/product"}],"wp:featuredmedia":[{"embeddable":true,"href":"https:\/\/laviboutique.lt\/index.php\/wp-json\/wp\/v2\/media\/10476"}],"wp:attachment":[{"href":"https:\/\/laviboutique.lt\/index.php\/wp-json\/wp\/v2\/media?parent=10477"}],"wp:term":[{"taxonomy":"product_cat","embeddable":true,"href":"https:\/\/laviboutique.lt\/index.php\/wp-json\/wp\/v2\/product_cat?post=10477"},{"taxonomy":"product_tag","embeddable":true,"href":"https:\/\/laviboutique.lt\/index.php\/wp-json\/wp\/v2\/product_tag?post=10477"}],"curies":[{"name":"wp","href":"https:\/\/api.w.org\/{rel}","templated":true}]}}