{"id":10488,"date":"2025-06-30T01:25:03","date_gmt":"2025-06-29T22:25:03","guid":{"rendered":"https:\/\/laviboutique.lt\/?post_type=product&#038;p=10488"},"modified":"2025-06-30T01:25:15","modified_gmt":"2025-06-29T22:25:15","slug":"susiauciama-rozine-tiesi-mini-suknele","status":"publish","type":"product","link":"https:\/\/laviboutique.lt\/index.php\/produktas\/susiauciama-rozine-tiesi-mini-suknele\/","title":{"rendered":"Susiau\u010diama ro\u017ein\u0117 tiesi mini suknel\u0117"},"content":{"rendered":"<p>Dyd\u017eiui XS\/M<\/p>\n","protected":false},"excerpt":{"rendered":"<p>Dyd\u017eiui XS\/M<\/p>\n","protected":false},"featured_media":10486,"template":"","meta":{"om_disable_all_campaigns":false,"_monsterinsights_skip_tracking":false,"_monsterinsights_sitenote_active":false,"_monsterinsights_sitenote_note":"","_monsterinsights_sitenote_category":0},"product_cat":[22],"product_tag":[],"aioseo_notices":[],"jetpack_sharing_enabled":true,"_links":{"self":[{"href":"https:\/\/laviboutique.lt\/index.php\/wp-json\/wp\/v2\/product\/10488"}],"collection":[{"href":"https:\/\/laviboutique.lt\/index.php\/wp-json\/wp\/v2\/product"}],"about":[{"href":"https:\/\/laviboutique.lt\/index.php\/wp-json\/wp\/v2\/types\/product"}],"wp:featuredmedia":[{"embeddable":true,"href":"https:\/\/laviboutique.lt\/index.php\/wp-json\/wp\/v2\/media\/10486"}],"wp:attachment":[{"href":"https:\/\/laviboutique.lt\/index.php\/wp-json\/wp\/v2\/media?parent=10488"}],"wp:term":[{"taxonomy":"product_cat","embeddable":true,"href":"https:\/\/laviboutique.lt\/index.php\/wp-json\/wp\/v2\/product_cat?post=10488"},{"taxonomy":"product_tag","embeddable":true,"href":"https:\/\/laviboutique.lt\/index.php\/wp-json\/wp\/v2\/product_tag?post=10488"}],"curies":[{"name":"wp","href":"https:\/\/api.w.org\/{rel}","templated":true}]}}