{"id":10728,"date":"2025-09-12T14:20:34","date_gmt":"2025-09-12T11:20:34","guid":{"rendered":"https:\/\/laviboutique.lt\/?post_type=product&#038;p=10728"},"modified":"2025-12-02T20:45:30","modified_gmt":"2025-12-02T18:45:30","slug":"pudrines-spalvos-suknele-serena","status":"publish","type":"product","link":"https:\/\/laviboutique.lt\/index.php\/produktas\/pudrines-spalvos-suknele-serena\/","title":{"rendered":"Pudrin\u0117s spalvos suknel\u0117 \u201cSerena\u201d"},"content":{"rendered":"","protected":false},"excerpt":{"rendered":"<p>Atkreipkite d\u0117mes\u012f, kad S ir M dyd\u017eio spalvos skiriasi!<\/p>\n","protected":false},"featured_media":10726,"template":"","meta":{"om_disable_all_campaigns":false,"_monsterinsights_skip_tracking":false,"_monsterinsights_sitenote_active":false,"_monsterinsights_sitenote_note":"","_monsterinsights_sitenote_category":0},"product_cat":[22],"product_tag":[],"aioseo_notices":[],"jetpack_sharing_enabled":true,"_links":{"self":[{"href":"https:\/\/laviboutique.lt\/index.php\/wp-json\/wp\/v2\/product\/10728"}],"collection":[{"href":"https:\/\/laviboutique.lt\/index.php\/wp-json\/wp\/v2\/product"}],"about":[{"href":"https:\/\/laviboutique.lt\/index.php\/wp-json\/wp\/v2\/types\/product"}],"wp:featuredmedia":[{"embeddable":true,"href":"https:\/\/laviboutique.lt\/index.php\/wp-json\/wp\/v2\/media\/10726"}],"wp:attachment":[{"href":"https:\/\/laviboutique.lt\/index.php\/wp-json\/wp\/v2\/media?parent=10728"}],"wp:term":[{"taxonomy":"product_cat","embeddable":true,"href":"https:\/\/laviboutique.lt\/index.php\/wp-json\/wp\/v2\/product_cat?post=10728"},{"taxonomy":"product_tag","embeddable":true,"href":"https:\/\/laviboutique.lt\/index.php\/wp-json\/wp\/v2\/product_tag?post=10728"}],"curies":[{"name":"wp","href":"https:\/\/api.w.org\/{rel}","templated":true}]}}