{"id":10919,"date":"2025-12-22T13:30:02","date_gmt":"2025-12-22T11:30:02","guid":{"rendered":"https:\/\/laviboutique.lt\/?post_type=product&#038;p=10919"},"modified":"2026-03-30T20:42:29","modified_gmt":"2026-03-30T17:42:29","slug":"dvieju-daliu-kostiumelis-rudas","status":"publish","type":"product","link":"https:\/\/laviboutique.lt\/index.php\/produktas\/dvieju-daliu-kostiumelis-rudas\/","title":{"rendered":"Dviej\u0173 dali\u0173 kostium\u0117lis rudas"},"content":{"rendered":"<p>Klasikinis kostium\u0117lis su oversize \u0161varku ir ilgomis pla\u010diomis keln\u0117mis. Tiks auk\u0161toms merginoms. Sud\u0117tyje 65% medviln\u0117s ir 35% poliesteris<\/p>\n<p>I\u0161matavimai:<\/p>\n<p>S dydis<\/p>\n<p>\u0160varkas: ilgis 73cm, kr\u016btin\u0117 ~100cm-106cm, liemuo ~100cm, rankov\u0117 62cm<\/p>\n<p>Keln\u0117s: ilgis 118cm, liemuo 68-70cm, klubai 90-94cm<\/p>\n<p>M dydis<\/p>\n<p>\u0160varkas: ilgis 73cm, kr\u016btin\u0117 ~102cm-108cm, liemuo ~100cm, rankov\u0117 62cm<\/p>\n<p>Keln\u0117s: ilgis 119cm, liemuo 70-72cm, klubai 92-95cm<\/p>\n","protected":false},"excerpt":{"rendered":"<p>Labiau tiks auk\u0161tesn\u0117ms merginoms (170cm-175cm)<\/p>\n","protected":false},"featured_media":10918,"template":"","meta":{"om_disable_all_campaigns":false,"_monsterinsights_skip_tracking":false,"_monsterinsights_sitenote_active":false,"_monsterinsights_sitenote_note":"","_monsterinsights_sitenote_category":0},"product_cat":[23],"product_tag":[],"aioseo_notices":[],"jetpack_sharing_enabled":true,"_links":{"self":[{"href":"https:\/\/laviboutique.lt\/index.php\/wp-json\/wp\/v2\/product\/10919"}],"collection":[{"href":"https:\/\/laviboutique.lt\/index.php\/wp-json\/wp\/v2\/product"}],"about":[{"href":"https:\/\/laviboutique.lt\/index.php\/wp-json\/wp\/v2\/types\/product"}],"wp:featuredmedia":[{"embeddable":true,"href":"https:\/\/laviboutique.lt\/index.php\/wp-json\/wp\/v2\/media\/10918"}],"wp:attachment":[{"href":"https:\/\/laviboutique.lt\/index.php\/wp-json\/wp\/v2\/media?parent=10919"}],"wp:term":[{"taxonomy":"product_cat","embeddable":true,"href":"https:\/\/laviboutique.lt\/index.php\/wp-json\/wp\/v2\/product_cat?post=10919"},{"taxonomy":"product_tag","embeddable":true,"href":"https:\/\/laviboutique.lt\/index.php\/wp-json\/wp\/v2\/product_tag?post=10919"}],"curies":[{"name":"wp","href":"https:\/\/api.w.org\/{rel}","templated":true}]}}