{"id":5538,"date":"2023-09-06T00:19:42","date_gmt":"2023-09-05T21:19:42","guid":{"rendered":"https:\/\/laviboutique.lt\/?post_type=product&#038;p=5538"},"modified":"2024-03-08T19:50:41","modified_gmt":"2024-03-08T17:50:41","slug":"dirbtines-odos-kelnes","status":"publish","type":"product","link":"https:\/\/laviboutique.lt\/index.php\/produktas\/dirbtines-odos-kelnes\/","title":{"rendered":"Dirbtin\u0117s odos keln\u0117s"},"content":{"rendered":"<p>I\u0161matavimai :<\/p>\n<p>XS &#8211; ilgis 93cm, liemens apimtis 60-70cm, klub\u0173 apimtis 70-88cm<\/p>\n<p>S &#8211; ilgis 94cm, liemens apimtis 66-76cm, klub\u0173 apimtis 72-90cm<\/p>\n<p>M &#8211; ilgis 95cm, liemens apimtis 68-78cm, klub\u0173 apimtis 76-94cm<\/p>\n<p>L &#8211; ilgis 97cm, liemens apimtis 72-84cm, klub\u0173 apimtis 84-104cm<\/p>\n<p>XL- ilgis 98cm, liemens apimtis 74-88cm, klub\u0173 apimtis 86-108cm<\/p>\n<p>Sud\u0117tis : 67% medviln\u0117, 20% poliesteris , 10% PU, 3% elastanas<\/p>\n","protected":false},"excerpt":{"rendered":"<p>Rinktis dyd\u017eiu didesnes, nei \u012fprastai ne\u0161iojate<\/p>\n","protected":false},"featured_media":6873,"template":"","meta":{"om_disable_all_campaigns":false,"_monsterinsights_skip_tracking":false,"_monsterinsights_sitenote_active":false,"_monsterinsights_sitenote_note":"","_monsterinsights_sitenote_category":0},"product_cat":[27],"product_tag":[],"aioseo_notices":[],"jetpack_sharing_enabled":true,"_links":{"self":[{"href":"https:\/\/laviboutique.lt\/index.php\/wp-json\/wp\/v2\/product\/5538"}],"collection":[{"href":"https:\/\/laviboutique.lt\/index.php\/wp-json\/wp\/v2\/product"}],"about":[{"href":"https:\/\/laviboutique.lt\/index.php\/wp-json\/wp\/v2\/types\/product"}],"wp:featuredmedia":[{"embeddable":true,"href":"https:\/\/laviboutique.lt\/index.php\/wp-json\/wp\/v2\/media\/6873"}],"wp:attachment":[{"href":"https:\/\/laviboutique.lt\/index.php\/wp-json\/wp\/v2\/media?parent=5538"}],"wp:term":[{"taxonomy":"product_cat","embeddable":true,"href":"https:\/\/laviboutique.lt\/index.php\/wp-json\/wp\/v2\/product_cat?post=5538"},{"taxonomy":"product_tag","embeddable":true,"href":"https:\/\/laviboutique.lt\/index.php\/wp-json\/wp\/v2\/product_tag?post=5538"}],"curies":[{"name":"wp","href":"https:\/\/api.w.org\/{rel}","templated":true}]}}