{"id":7854,"date":"2024-05-09T21:03:04","date_gmt":"2024-05-09T18:03:04","guid":{"rendered":"https:\/\/laviboutique.lt\/?post_type=product&#038;p=7854"},"modified":"2025-08-28T09:41:37","modified_gmt":"2025-08-28T06:41:37","slug":"kvepalai-muffin","status":"publish","type":"product","link":"https:\/\/laviboutique.lt\/index.php\/produktas\/kvepalai-muffin\/","title":{"rendered":"Kvepalai &#8222;Muffin&#8221;"},"content":{"rendered":"<p>Kvap\u0173 natos:<br \/>\nGalvos: citrina, ro\u017e\u0117, \u0161afranas<br \/>\n\u0160irdies: med\u017eio natos, bij\u016bnas, degmedis, odos natos<br \/>\nBazin\u0117: gintaras, agarmedis (\u016bdas), vanil\u0117<\/p>\n<p>Koncentracija: Parfum 20%<\/p>\n","protected":false},"excerpt":{"rendered":"<p>Kvap\u0173 natos: Galvos: citrina, ro\u017e\u0117, \u0161afranas \u0160irdies: med\u017eio natos, bij\u016bnas, degmedis, odos natos Bazin\u0117: gintaras, agarmedis (\u016bdas), vanil\u0117 Koncentracija: Parfum 20%<\/p>\n","protected":false},"featured_media":7844,"template":"","meta":{"om_disable_all_campaigns":false,"_monsterinsights_skip_tracking":false,"_monsterinsights_sitenote_active":false,"_monsterinsights_sitenote_note":"","_monsterinsights_sitenote_category":0},"product_cat":[128],"product_tag":[],"aioseo_notices":[],"jetpack_sharing_enabled":true,"_links":{"self":[{"href":"https:\/\/laviboutique.lt\/index.php\/wp-json\/wp\/v2\/product\/7854"}],"collection":[{"href":"https:\/\/laviboutique.lt\/index.php\/wp-json\/wp\/v2\/product"}],"about":[{"href":"https:\/\/laviboutique.lt\/index.php\/wp-json\/wp\/v2\/types\/product"}],"wp:featuredmedia":[{"embeddable":true,"href":"https:\/\/laviboutique.lt\/index.php\/wp-json\/wp\/v2\/media\/7844"}],"wp:attachment":[{"href":"https:\/\/laviboutique.lt\/index.php\/wp-json\/wp\/v2\/media?parent=7854"}],"wp:term":[{"taxonomy":"product_cat","embeddable":true,"href":"https:\/\/laviboutique.lt\/index.php\/wp-json\/wp\/v2\/product_cat?post=7854"},{"taxonomy":"product_tag","embeddable":true,"href":"https:\/\/laviboutique.lt\/index.php\/wp-json\/wp\/v2\/product_tag?post=7854"}],"curies":[{"name":"wp","href":"https:\/\/api.w.org\/{rel}","templated":true}]}}