{"id":8301,"date":"2024-07-04T11:39:40","date_gmt":"2024-07-04T08:39:40","guid":{"rendered":"https:\/\/laviboutique.lt\/?post_type=product&#038;p=8301"},"modified":"2026-01-30T17:09:00","modified_gmt":"2026-01-30T15:09:00","slug":"balta-suknele-scarlet","status":"publish","type":"product","link":"https:\/\/laviboutique.lt\/index.php\/produktas\/balta-suknele-scarlet\/","title":{"rendered":"Balta med\u017eiagin\u0117 midi suknel\u0117 \u201cScarlet\u201d"},"content":{"rendered":"<p>I\u0161matavimai:<\/p>\n<p><span class=\"web_ui__Text__text web_ui__Text__body web_ui__Text__left web_ui__Text__format\"><span>M dydis: ilgis 113cm, liemuo 74-75cm, <\/span><\/span>kr\u016btin\u0117<span class=\"web_ui__Text__text web_ui__Text__body web_ui__Text__left web_ui__Text__format\"><span> 92-95cm, klubai iki 98cm <\/span><\/span><\/p>\n","protected":false},"excerpt":{"rendered":"<p>Suknel\u0117 ma\u017einta, \u017ei\u016br\u0117kite i\u0161matavimus ir apra\u0161ym\u0105 pasirenkant dyd\u012f<\/p>\n","protected":false},"featured_media":8300,"template":"","meta":{"om_disable_all_campaigns":false,"_monsterinsights_skip_tracking":false,"_monsterinsights_sitenote_active":false,"_monsterinsights_sitenote_note":"","_monsterinsights_sitenote_category":0},"product_cat":[22],"product_tag":[],"aioseo_notices":[],"jetpack_sharing_enabled":true,"_links":{"self":[{"href":"https:\/\/laviboutique.lt\/index.php\/wp-json\/wp\/v2\/product\/8301"}],"collection":[{"href":"https:\/\/laviboutique.lt\/index.php\/wp-json\/wp\/v2\/product"}],"about":[{"href":"https:\/\/laviboutique.lt\/index.php\/wp-json\/wp\/v2\/types\/product"}],"wp:featuredmedia":[{"embeddable":true,"href":"https:\/\/laviboutique.lt\/index.php\/wp-json\/wp\/v2\/media\/8300"}],"wp:attachment":[{"href":"https:\/\/laviboutique.lt\/index.php\/wp-json\/wp\/v2\/media?parent=8301"}],"wp:term":[{"taxonomy":"product_cat","embeddable":true,"href":"https:\/\/laviboutique.lt\/index.php\/wp-json\/wp\/v2\/product_cat?post=8301"},{"taxonomy":"product_tag","embeddable":true,"href":"https:\/\/laviboutique.lt\/index.php\/wp-json\/wp\/v2\/product_tag?post=8301"}],"curies":[{"name":"wp","href":"https:\/\/api.w.org\/{rel}","templated":true}]}}