{"id":8402,"date":"2024-07-18T22:36:35","date_gmt":"2024-07-18T19:36:35","guid":{"rendered":"https:\/\/laviboutique.lt\/?post_type=product&#038;p=8402"},"modified":"2024-07-26T14:26:13","modified_gmt":"2024-07-26T11:26:13","slug":"lininis-dvieju-daliu-kostiumelis-lion","status":"publish","type":"product","link":"https:\/\/laviboutique.lt\/index.php\/produktas\/lininis-dvieju-daliu-kostiumelis-lion\/","title":{"rendered":"Lininis dviej\u0173 dali\u0173 kostium\u0117lis \u201cLion\u201d"},"content":{"rendered":"<p>Kokybi\u0161kas lino dviej\u0173 dali\u0173 kostium\u0117lis su pla\u010diomis keln\u0117mis ir liemene. Tvirta, kokybi\u0161ko lino med\u017eiaga. Nepersi\u0161vie\u010dia<\/p>\n<p>I\u0161matavimai:<br \/>\nXS dydis:<br \/>\nLiemen\u0117 &#8211; kr\u016btin\u0117 iki 86cm, ilgis 47cm<br \/>\nKeln\u0117s &#8211; liemuo 67cm, klubai iki 100cm<\/p>\n<p>S dydis &#8211; kr\u016btin\u0117 iki 94cm, ilgis 48cm<br \/>\nKeln\u0117s &#8211; liemuo 70cm, klubai iki 100cm<\/p>\n","protected":false},"excerpt":{"rendered":"<p>95% linas, 5% elastanas<\/p>\n","protected":false},"featured_media":8407,"template":"","meta":{"om_disable_all_campaigns":false,"_monsterinsights_skip_tracking":false,"_monsterinsights_sitenote_active":false,"_monsterinsights_sitenote_note":"","_monsterinsights_sitenote_category":0},"product_cat":[23],"product_tag":[],"aioseo_notices":[],"jetpack_sharing_enabled":true,"_links":{"self":[{"href":"https:\/\/laviboutique.lt\/index.php\/wp-json\/wp\/v2\/product\/8402"}],"collection":[{"href":"https:\/\/laviboutique.lt\/index.php\/wp-json\/wp\/v2\/product"}],"about":[{"href":"https:\/\/laviboutique.lt\/index.php\/wp-json\/wp\/v2\/types\/product"}],"wp:featuredmedia":[{"embeddable":true,"href":"https:\/\/laviboutique.lt\/index.php\/wp-json\/wp\/v2\/media\/8407"}],"wp:attachment":[{"href":"https:\/\/laviboutique.lt\/index.php\/wp-json\/wp\/v2\/media?parent=8402"}],"wp:term":[{"taxonomy":"product_cat","embeddable":true,"href":"https:\/\/laviboutique.lt\/index.php\/wp-json\/wp\/v2\/product_cat?post=8402"},{"taxonomy":"product_tag","embeddable":true,"href":"https:\/\/laviboutique.lt\/index.php\/wp-json\/wp\/v2\/product_tag?post=8402"}],"curies":[{"name":"wp","href":"https:\/\/api.w.org\/{rel}","templated":true}]}}