{"id":8425,"date":"2024-07-23T13:10:12","date_gmt":"2024-07-23T10:10:12","guid":{"rendered":"https:\/\/laviboutique.lt\/?post_type=product&#038;p=8425"},"modified":"2025-06-17T19:00:55","modified_gmt":"2025-06-17T16:00:55","slug":"zydra-suknele-tulip","status":"publish","type":"product","link":"https:\/\/laviboutique.lt\/index.php\/produktas\/zydra-suknele-tulip\/","title":{"rendered":"\u017dydra suknel\u0117 &#8222;Tulip&#8221;"},"content":{"rendered":"<p>I\u0161matavimai:<\/p>\n<p>S dydis: ilgis nuo pa\u017east\u0173 68cm, liemuo 72cm, klubai iki 100cm, krutin\u0117 84cm-89cm<\/p>\n<p>M dydis: ilgis nuo pa\u017east\u0173 69cm, liemuo 74cm, klubo iki 100cm, kr\u016btin\u0117 86cm-90cm<\/p>\n","protected":false},"excerpt":{"rendered":"<p>I\u0161matavimai: S dydis: ilgis nuo pa\u017east\u0173 68cm, liemuo 72cm, klubai iki 100cm, krutin\u0117 84cm-89cm M dydis: ilgis nuo pa\u017east\u0173 69cm, liemuo 74cm, klubo iki 100cm, kr\u016btin\u0117 86cm-90cm<\/p>\n","protected":false},"featured_media":8427,"template":"","meta":{"om_disable_all_campaigns":false,"_monsterinsights_skip_tracking":false,"_monsterinsights_sitenote_active":false,"_monsterinsights_sitenote_note":"","_monsterinsights_sitenote_category":0},"product_cat":[22],"product_tag":[],"aioseo_notices":[],"jetpack_sharing_enabled":true,"_links":{"self":[{"href":"https:\/\/laviboutique.lt\/index.php\/wp-json\/wp\/v2\/product\/8425"}],"collection":[{"href":"https:\/\/laviboutique.lt\/index.php\/wp-json\/wp\/v2\/product"}],"about":[{"href":"https:\/\/laviboutique.lt\/index.php\/wp-json\/wp\/v2\/types\/product"}],"wp:featuredmedia":[{"embeddable":true,"href":"https:\/\/laviboutique.lt\/index.php\/wp-json\/wp\/v2\/media\/8427"}],"wp:attachment":[{"href":"https:\/\/laviboutique.lt\/index.php\/wp-json\/wp\/v2\/media?parent=8425"}],"wp:term":[{"taxonomy":"product_cat","embeddable":true,"href":"https:\/\/laviboutique.lt\/index.php\/wp-json\/wp\/v2\/product_cat?post=8425"},{"taxonomy":"product_tag","embeddable":true,"href":"https:\/\/laviboutique.lt\/index.php\/wp-json\/wp\/v2\/product_tag?post=8425"}],"curies":[{"name":"wp","href":"https:\/\/api.w.org\/{rel}","templated":true}]}}