{"id":9088,"date":"2024-11-08T17:42:04","date_gmt":"2024-11-08T15:42:04","guid":{"rendered":"https:\/\/laviboutique.lt\/index.php\/produktas\/juoda-susiauciama-suknele\/"},"modified":"2026-04-23T16:47:56","modified_gmt":"2026-04-23T13:47:56","slug":"juoda-susiauciama-suknele","status":"publish","type":"product","link":"https:\/\/laviboutique.lt\/index.php\/produktas\/juoda-susiauciama-suknele\/","title":{"rendered":"Juoda susiau\u010diama suknel\u0117"},"content":{"rendered":"<p>XS ir S dyd\u017eiui tinkama, ilgis 86cm, rankov\u0117s ilgis 64cm<\/p>\n","protected":false},"excerpt":{"rendered":"<p>XS ir S dyd\u017eiui tinkama, ilgis 86cm, rankov\u0117s ilgis 64cm<\/p>\n","protected":false},"featured_media":9120,"template":"","meta":{"om_disable_all_campaigns":false,"_monsterinsights_skip_tracking":false,"_monsterinsights_sitenote_active":false,"_monsterinsights_sitenote_note":"","_monsterinsights_sitenote_category":0},"product_cat":[22],"product_tag":[],"aioseo_notices":[],"jetpack_sharing_enabled":true,"_links":{"self":[{"href":"https:\/\/laviboutique.lt\/index.php\/wp-json\/wp\/v2\/product\/9088"}],"collection":[{"href":"https:\/\/laviboutique.lt\/index.php\/wp-json\/wp\/v2\/product"}],"about":[{"href":"https:\/\/laviboutique.lt\/index.php\/wp-json\/wp\/v2\/types\/product"}],"wp:featuredmedia":[{"embeddable":true,"href":"https:\/\/laviboutique.lt\/index.php\/wp-json\/wp\/v2\/media\/9120"}],"wp:attachment":[{"href":"https:\/\/laviboutique.lt\/index.php\/wp-json\/wp\/v2\/media?parent=9088"}],"wp:term":[{"taxonomy":"product_cat","embeddable":true,"href":"https:\/\/laviboutique.lt\/index.php\/wp-json\/wp\/v2\/product_cat?post=9088"},{"taxonomy":"product_tag","embeddable":true,"href":"https:\/\/laviboutique.lt\/index.php\/wp-json\/wp\/v2\/product_tag?post=9088"}],"curies":[{"name":"wp","href":"https:\/\/api.w.org\/{rel}","templated":true}]}}